{"id":2317,"date":"2022-07-24T00:37:00","date_gmt":"2022-07-23T23:37:00","guid":{"rendered":"https:\/\/feuerwehr-feistritz.at\/?post_type=einsatz&#038;p=2317"},"modified":"2022-07-24T20:12:45","modified_gmt":"2022-07-24T19:12:45","slug":"t-vu-3-verkehrsunfall-mit-eingeklemmter-person-a10-24-07-2022","status":"publish","type":"einsatz","link":"https:\/\/feuerwehr-feistritz.at\/index.php\/einsatzberichte\/2317-t-vu-3-verkehrsunfall-mit-eingeklemmter-person-a10-24-07-2022\/","title":{"rendered":"T VU 3, Verkehrsunfall mit eingeklemmter Person, A10 24.07.2022"},"content":{"rendered":"<p>Durch einen Auffahrunfall auf H\u00f6he Molzbichl verlor einer der PKW Lenker die Kontrolle seines Fahrzeuges, kam ins Schleudern und 100m nach dem Unfallort in der B\u00f6schung zum Stillstand.\u00a0<\/p>\n<p>Durch die Erstmeldung, dass eine Person im Fahrzeug eingeklemmt sei wurden die Feuerwehren St.Peter\/Spittal, T\u00f6plitsch und Feistritz\/Drau gegen 00:37 Uhr alarmiert. Zum Gl\u00fcck konnte dies an der Unfallstelle nicht best\u00e4tigt werden, und so konnten Sicherungsma\u00dfnahmen und \u00d6lbindearbeiten durchgef\u00fchrt werden.\u00a0<\/p>\n<p>Die verletzte Person wurde nach not\u00e4rztlicher Versorgung von der Rettung ins Krankenhaus Spittal verbracht. Die 2 besch\u00e4digten Fahrzeuge wurden durch ein privates Abschleppunternehmen von der Autobahn gebracht, restliche Aufr\u00e4umarbeiten wurden von der ASFINAG \u00fcbernommen.\u00a0<\/p>\n\n<div class=\"pgc-sgb-cb wp-block-pgcsimplygalleryblock-slider \" data-gallery-id=\"f0479857\"style=&quot;min-height:400px&quot;><div class=\"sgb-preloader\" id=\"pr_f0479857\">\n\t<div class=\"sgb-square\" style=\"background:#d4d4d4\"><\/div>\n\t<div class=\"sgb-square\" style=\"background:#d4d4d4\"><\/div>\n\t<div class=\"sgb-square\" style=\"background:#d4d4d4\"><\/div>\n\t<div class=\"sgb-square\" style=\"background:#d4d4d4\"><\/div><\/div><div class=\"simply-gallery-amp pgc_sgb_slider \"><noscript><div class=\"sgb-gallery\"><div class=\"sgb-item\"><a href=\"https:\/\/feuerwehr-feistritz.at\/?attachment_id=2318\" target=\"_blank\"><img decoding=\"async\" alt=\"\" width=\"300\" height=\"225\" loading=\"lazy\" src=\"https:\/\/feuerwehr-feistritz.at\/wp-content\/uploads\/2022\/07\/WhatsApp-Image-2022-07-24-at-01.16.12-1-300x225.jpeg\" srcset=\"https:\/\/feuerwehr-feistritz.at\/wp-content\/uploads\/2022\/07\/WhatsApp-Image-2022-07-24-at-01.16.12-1-300x225.jpeg 300w,https:\/\/feuerwehr-feistritz.at\/wp-content\/uploads\/2022\/07\/WhatsApp-Image-2022-07-24-at-01.16.12-1-1024x768.jpeg 1024w,https:\/\/feuerwehr-feistritz.at\/wp-content\/uploads\/2022\/07\/WhatsApp-Image-2022-07-24-at-01.16.12-1.jpeg 1600w\" sizes=\"auto, 250px\"\/><\/a><\/div><div class=\"sgb-item\"><a href=\"https:\/\/feuerwehr-feistritz.at\/?attachment_id=2319\" target=\"_blank\"><img decoding=\"async\" alt=\"\" width=\"300\" height=\"225\" loading=\"lazy\" src=\"https:\/\/feuerwehr-feistritz.at\/wp-content\/uploads\/2022\/07\/WhatsApp-Image-2022-07-24-at-01.16.13-1-300x225.jpeg\" srcset=\"https:\/\/feuerwehr-feistritz.at\/wp-content\/uploads\/2022\/07\/WhatsApp-Image-2022-07-24-at-01.16.13-1-300x225.jpeg 300w,https:\/\/feuerwehr-feistritz.at\/wp-content\/uploads\/2022\/07\/WhatsApp-Image-2022-07-24-at-01.16.13-1-1024x768.jpeg 1024w,https:\/\/feuerwehr-feistritz.at\/wp-content\/uploads\/2022\/07\/WhatsApp-Image-2022-07-24-at-01.16.13-1.jpeg 1600w\" sizes=\"auto, 250px\"\/><\/a><\/div><div class=\"sgb-item\"><a href=\"https:\/\/feuerwehr-feistritz.at\/?attachment_id=2320\" target=\"_blank\"><img decoding=\"async\" alt=\"\" width=\"300\" height=\"225\" loading=\"lazy\" src=\"https:\/\/feuerwehr-feistritz.at\/wp-content\/uploads\/2022\/07\/WhatsApp-Image-2022-07-24-at-01.16.13-3-300x225.jpeg\" srcset=\"https:\/\/feuerwehr-feistritz.at\/wp-content\/uploads\/2022\/07\/WhatsApp-Image-2022-07-24-at-01.16.13-3-300x225.jpeg 300w,https:\/\/feuerwehr-feistritz.at\/wp-content\/uploads\/2022\/07\/WhatsApp-Image-2022-07-24-at-01.16.13-3-1024x768.jpeg 1024w,https:\/\/feuerwehr-feistritz.at\/wp-content\/uploads\/2022\/07\/WhatsApp-Image-2022-07-24-at-01.16.13-3.jpeg 1600w\" sizes=\"auto, 250px\"\/><\/a><\/div><\/div><\/noscript><\/div><script type=\"application\/json\" class=\"sgb-data\">{\"sliderAdminWidth\":840,\"galleryType\":\"pgc_sgb_slider\",\"galleryId\":\"f0479857\",\"images\":[{\"id\":2318,\"title\":\"WhatsApp Image 2022-07-24 at 01.16.12 (1)\",\"url\":\"https:\/\/feuerwehr-feistritz.at\/wp-content\/uploads\/2022\/07\/WhatsApp-Image-2022-07-24-at-01.16.12-1.jpeg\",\"link\":\"https:\/\/feuerwehr-feistritz.at\/?attachment_id=2318\",\"alt\":\"\",\"description\":\"\",\"caption\":\"\",\"mime\":\"image\/jpeg\",\"type\":\"image\",\"width\":1600,\"height\":1200,\"sizes\":{\"thumbnail\":{\"height\":150,\"width\":150,\"url\":\"https:\/\/feuerwehr-feistritz.at\/wp-content\/uploads\/2022\/07\/WhatsApp-Image-2022-07-24-at-01.16.12-1-150x150.jpeg\",\"orientation\":\"landscape\"},\"medium\":{\"height\":225,\"width\":300,\"url\":\"https:\/\/feuerwehr-feistritz.at\/wp-content\/uploads\/2022\/07\/WhatsApp-Image-2022-07-24-at-01.16.12-1-300x225.jpeg\",\"orientation\":\"landscape\"},\"large\":{\"height\":768,\"width\":1024,\"url\":\"https:\/\/feuerwehr-feistritz.at\/wp-content\/uploads\/2022\/07\/WhatsApp-Image-2022-07-24-at-01.16.12-1-1024x768.jpeg\",\"orientation\":\"landscape\"},\"full\":{\"url\":\"https:\/\/feuerwehr-feistritz.at\/wp-content\/uploads\/2022\/07\/WhatsApp-Image-2022-07-24-at-01.16.12-1.jpeg\",\"height\":1200,\"width\":1600,\"orientation\":\"landscape\"}},\"meta\":false,\"postlink\":\"https:\/\/feuerwehr-feistritz.at\/?attachment_id=2318\"},{\"id\":2319,\"title\":\"WhatsApp Image 2022-07-24 at 01.16.13 (1)\",\"url\":\"https:\/\/feuerwehr-feistritz.at\/wp-content\/uploads\/2022\/07\/WhatsApp-Image-2022-07-24-at-01.16.13-1.jpeg\",\"link\":\"https:\/\/feuerwehr-feistritz.at\/?attachment_id=2319\",\"alt\":\"\",\"description\":\"\",\"caption\":\"\",\"mime\":\"image\/jpeg\",\"type\":\"image\",\"width\":1600,\"height\":1200,\"sizes\":{\"thumbnail\":{\"height\":150,\"width\":150,\"url\":\"https:\/\/feuerwehr-feistritz.at\/wp-content\/uploads\/2022\/07\/WhatsApp-Image-2022-07-24-at-01.16.13-1-150x150.jpeg\",\"orientation\":\"landscape\"},\"medium\":{\"height\":225,\"width\":300,\"url\":\"https:\/\/feuerwehr-feistritz.at\/wp-content\/uploads\/2022\/07\/WhatsApp-Image-2022-07-24-at-01.16.13-1-300x225.jpeg\",\"orientation\":\"landscape\"},\"large\":{\"height\":768,\"width\":1024,\"url\":\"https:\/\/feuerwehr-feistritz.at\/wp-content\/uploads\/2022\/07\/WhatsApp-Image-2022-07-24-at-01.16.13-1-1024x768.jpeg\",\"orientation\":\"landscape\"},\"full\":{\"url\":\"https:\/\/feuerwehr-feistritz.at\/wp-content\/uploads\/2022\/07\/WhatsApp-Image-2022-07-24-at-01.16.13-1.jpeg\",\"height\":1200,\"width\":1600,\"orientation\":\"landscape\"}},\"meta\":false,\"postlink\":\"https:\/\/feuerwehr-feistritz.at\/?attachment_id=2319\"},{\"id\":2320,\"title\":\"WhatsApp Image 2022-07-24 at 01.16.13 (3)\",\"url\":\"https:\/\/feuerwehr-feistritz.at\/wp-content\/uploads\/2022\/07\/WhatsApp-Image-2022-07-24-at-01.16.13-3.jpeg\",\"link\":\"https:\/\/feuerwehr-feistritz.at\/?attachment_id=2320\",\"alt\":\"\",\"description\":\"\",\"caption\":\"\",\"mime\":\"image\/jpeg\",\"type\":\"image\",\"width\":1600,\"height\":1200,\"sizes\":{\"thumbnail\":{\"height\":150,\"width\":150,\"url\":\"https:\/\/feuerwehr-feistritz.at\/wp-content\/uploads\/2022\/07\/WhatsApp-Image-2022-07-24-at-01.16.13-3-150x150.jpeg\",\"orientation\":\"landscape\"},\"medium\":{\"height\":225,\"width\":300,\"url\":\"https:\/\/feuerwehr-feistritz.at\/wp-content\/uploads\/2022\/07\/WhatsApp-Image-2022-07-24-at-01.16.13-3-300x225.jpeg\",\"orientation\":\"landscape\"},\"large\":{\"height\":768,\"width\":1024,\"url\":\"https:\/\/feuerwehr-feistritz.at\/wp-content\/uploads\/2022\/07\/WhatsApp-Image-2022-07-24-at-01.16.13-3-1024x768.jpeg\",\"orientation\":\"landscape\"},\"full\":{\"url\":\"https:\/\/feuerwehr-feistritz.at\/wp-content\/uploads\/2022\/07\/WhatsApp-Image-2022-07-24-at-01.16.13-3.jpeg\",\"height\":1200,\"width\":1600,\"orientation\":\"landscape\"}},\"meta\":false,\"postlink\":\"https:\/\/feuerwehr-feistritz.at\/?attachment_id=2320\"}],\"itemsMetaDataCollection\":[]}<\/script><script>(function(){if(window.PGC_SGB && window.PGC_SGB.searcher){window.PGC_SGB.searcher.initBlocks()}})()<\/script><\/div>\n\n<div class=\"taxonomy-post_tag wp-block-post-terms\"><a href=\"https:\/\/feuerwehr-feistritz.at\/index.php\/tag\/a10\/\" rel=\"tag\">A10<\/a><span class=\"wp-block-post-terms__separator\">, <\/span><a href=\"https:\/\/feuerwehr-feistritz.at\/index.php\/tag\/asfinag\/\" rel=\"tag\">Asfinag<\/a><span class=\"wp-block-post-terms__separator\">, <\/span><a href=\"https:\/\/feuerwehr-feistritz.at\/index.php\/tag\/eingeklemmte-person\/\" rel=\"tag\">eingeklemmte Person<\/a><span class=\"wp-block-post-terms__separator\">, <\/span><a href=\"https:\/\/feuerwehr-feistritz.at\/index.php\/tag\/technischer-einsatz\/\" rel=\"tag\">Technischer Einsatz<\/a><span class=\"wp-block-post-terms__separator\">, <\/span><a href=\"https:\/\/feuerwehr-feistritz.at\/index.php\/tag\/verkehrsunfall\/\" rel=\"tag\">Verkehrsunfall<\/a><\/div>","protected":false},"excerpt":{"rendered":"<p>Durch einen Auffahrunfall auf H\u00f6he Molzbichl verlor einer der PKW [&hellip;]<\/p>\n","protected":false},"author":2,"featured_media":2319,"template":"","meta":{"pgc_sgb_lightbox_settings":"","einsatz_weight":1,"footnotes":""},"categories":[2],"tags":[16,14,17,22,13],"einsatzart":[44],"fahrzeug":[47,102,103,45,101,46],"exteinsatzmittel":[112,113,50,114,51],"alarmierungsart":[52],"evw_unit":[64,108,56],"class_list":["post-2317","einsatz","type-einsatz","status-publish","has-post-thumbnail","hentry","category-einsatz","tag-a10","tag-asfinag","tag-eingeklemmte-person","tag-technischer-einsatz","tag-verkehrsunfall","einsatzart-verkehrsunfall","fahrzeug-krf-s","fahrzeug-krfw-tunnel","fahrzeug-lf","fahrzeug-rlfa-2000","fahrzeug-rlfa-2000-3","fahrzeug-tlfa-4000","exteinsatzmittel-asfinag","exteinsatzmittel-notarzt-dr-roland-rauter","exteinsatzmittel-polizei-kaernten","exteinsatzmittel-privates-abschleppunternehmen","exteinsatzmittel-rotes-kreuz-kaernten","alarmierungsart-sirenenalarm","evw_unit-feuerwehr-feistritz-drau","evw_unit-feuerwehr-st-peter-spittal","evw_unit-feuerwehr-toeplitsch","col-md-4 col-sm-4"],"_links":{"self":[{"href":"https:\/\/feuerwehr-feistritz.at\/index.php\/wp-json\/wp\/v2\/einsatz\/2317","targetHints":{"allow":["GET"]}}],"collection":[{"href":"https:\/\/feuerwehr-feistritz.at\/index.php\/wp-json\/wp\/v2\/einsatz"}],"about":[{"href":"https:\/\/feuerwehr-feistritz.at\/index.php\/wp-json\/wp\/v2\/types\/einsatz"}],"author":[{"embeddable":true,"href":"https:\/\/feuerwehr-feistritz.at\/index.php\/wp-json\/wp\/v2\/users\/2"}],"version-history":[{"count":1,"href":"https:\/\/feuerwehr-feistritz.at\/index.php\/wp-json\/wp\/v2\/einsatz\/2317\/revisions"}],"predecessor-version":[{"id":2321,"href":"https:\/\/feuerwehr-feistritz.at\/index.php\/wp-json\/wp\/v2\/einsatz\/2317\/revisions\/2321"}],"wp:featuredmedia":[{"embeddable":true,"href":"https:\/\/feuerwehr-feistritz.at\/index.php\/wp-json\/wp\/v2\/media\/2319"}],"wp:attachment":[{"href":"https:\/\/feuerwehr-feistritz.at\/index.php\/wp-json\/wp\/v2\/media?parent=2317"}],"wp:term":[{"taxonomy":"category","embeddable":true,"href":"https:\/\/feuerwehr-feistritz.at\/index.php\/wp-json\/wp\/v2\/categories?post=2317"},{"taxonomy":"post_tag","embeddable":true,"href":"https:\/\/feuerwehr-feistritz.at\/index.php\/wp-json\/wp\/v2\/tags?post=2317"},{"taxonomy":"einsatzart","embeddable":true,"href":"https:\/\/feuerwehr-feistritz.at\/index.php\/wp-json\/wp\/v2\/einsatzart?post=2317"},{"taxonomy":"fahrzeug","embeddable":true,"href":"https:\/\/feuerwehr-feistritz.at\/index.php\/wp-json\/wp\/v2\/fahrzeug?post=2317"},{"taxonomy":"exteinsatzmittel","embeddable":true,"href":"https:\/\/feuerwehr-feistritz.at\/index.php\/wp-json\/wp\/v2\/exteinsatzmittel?post=2317"},{"taxonomy":"alarmierungsart","embeddable":true,"href":"https:\/\/feuerwehr-feistritz.at\/index.php\/wp-json\/wp\/v2\/alarmierungsart?post=2317"},{"taxonomy":"evw_unit","embeddable":true,"href":"https:\/\/feuerwehr-feistritz.at\/index.php\/wp-json\/wp\/v2\/evw_unit?post=2317"}],"curies":[{"name":"wp","href":"https:\/\/api.w.org\/{rel}","templated":true}]}}

<p>Durch einen Auffahrunfall auf Höhe Molzbichl verlor einer der PKW Lenker die Kontrolle seines Fahrzeuges, kam ins Schleudern und 100m nach dem Unfallort in der Böschung zum Stillstand. </p>
<p>Durch die Erstmeldung, dass eine Person im Fahrzeug eingeklemmt sei wurden die Feuerwehren St.Peter/Spittal, Töplitsch und Feistritz/Drau gegen 00:37 Uhr alarmiert. Zum Glück konnte dies an der Unfallstelle nicht bestätigt werden, und so konnten Sicherungsmaßnahmen und Ölbindearbeiten durchgeführt werden. </p>
<p>Die verletzte Person wurde nach notärztlicher Versorgung von der Rettung ins Krankenhaus Spittal verbracht. Die 2 beschädigten Fahrzeuge wurden durch ein privates Abschleppunternehmen von der Autobahn gebracht, restliche Aufräumarbeiten wurden von der ASFINAG übernommen. </p>

<div class="pgc-sgb-cb wp-block-pgcsimplygalleryblock-slider " data-gallery-id="f0479857"style=&quot;min-height:400px&quot;><div class="sgb-preloader" id="pr_f0479857">
	<div class="sgb-square" style="background:#d4d4d4"></div>
	<div class="sgb-square" style="background:#d4d4d4"></div>
	<div class="sgb-square" style="background:#d4d4d4"></div>
	<div class="sgb-square" style="background:#d4d4d4"></div></div><div class="simply-gallery-amp pgc_sgb_slider "><noscript><div class="sgb-gallery"><div class="sgb-item"><a href="https://feuerwehr-feistritz.at/?attachment_id=2318" target="_blank"><img decoding="async" alt="" width="300" height="225" loading="lazy" src="https://feuerwehr-feistritz.at/wp-content/uploads/2022/07/WhatsApp-Image-2022-07-24-at-01.16.12-1-300x225.jpeg" srcset="https://feuerwehr-feistritz.at/wp-content/uploads/2022/07/WhatsApp-Image-2022-07-24-at-01.16.12-1-300x225.jpeg 300w,https://feuerwehr-feistritz.at/wp-content/uploads/2022/07/WhatsApp-Image-2022-07-24-at-01.16.12-1-1024x768.jpeg 1024w,https://feuerwehr-feistritz.at/wp-content/uploads/2022/07/WhatsApp-Image-2022-07-24-at-01.16.12-1.jpeg 1600w" sizes="auto, 250px"/></a></div><div class="sgb-item"><a href="https://feuerwehr-feistritz.at/?attachment_id=2319" target="_blank"><img decoding="async" alt="" width="300" height="225" loading="lazy" src="https://feuerwehr-feistritz.at/wp-content/uploads/2022/07/WhatsApp-Image-2022-07-24-at-01.16.13-1-300x225.jpeg" srcset="https://feuerwehr-feistritz.at/wp-content/uploads/2022/07/WhatsApp-Image-2022-07-24-at-01.16.13-1-300x225.jpeg 300w,https://feuerwehr-feistritz.at/wp-content/uploads/2022/07/WhatsApp-Image-2022-07-24-at-01.16.13-1-1024x768.jpeg 1024w,https://feuerwehr-feistritz.at/wp-content/uploads/2022/07/WhatsApp-Image-2022-07-24-at-01.16.13-1.jpeg 1600w" sizes="auto, 250px"/></a></div><div class="sgb-item"><a href="https://feuerwehr-feistritz.at/?attachment_id=2320" target="_blank"><img decoding="async" alt="" width="300" height="225" loading="lazy" src="https://feuerwehr-feistritz.at/wp-content/uploads/2022/07/WhatsApp-Image-2022-07-24-at-01.16.13-3-300x225.jpeg" srcset="https://feuerwehr-feistritz.at/wp-content/uploads/2022/07/WhatsApp-Image-2022-07-24-at-01.16.13-3-300x225.jpeg 300w,https://feuerwehr-feistritz.at/wp-content/uploads/2022/07/WhatsApp-Image-2022-07-24-at-01.16.13-3-1024x768.jpeg 1024w,https://feuerwehr-feistritz.at/wp-content/uploads/2022/07/WhatsApp-Image-2022-07-24-at-01.16.13-3.jpeg 1600w" sizes="auto, 250px"/></a></div></div></noscript></div><script type="application/json" class="sgb-data">{"sliderAdminWidth":840,"galleryType":"pgc_sgb_slider","galleryId":"f0479857","images":[{"id":2318,"title":"WhatsApp Image 2022-07-24 at 01.16.12 (1)","url":"https://feuerwehr-feistritz.at/wp-content/uploads/2022/07/WhatsApp-Image-2022-07-24-at-01.16.12-1.jpeg","link":"https://feuerwehr-feistritz.at/?attachment_id=2318","alt":"","description":"","caption":"","mime":"image/jpeg","type":"image","width":1600,"height":1200,"sizes":{"thumbnail":{"height":150,"width":150,"url":"https://feuerwehr-feistritz.at/wp-content/uploads/2022/07/WhatsApp-Image-2022-07-24-at-01.16.12-1-150x150.jpeg","orientation":"landscape"},"medium":{"height":225,"width":300,"url":"https://feuerwehr-feistritz.at/wp-content/uploads/2022/07/WhatsApp-Image-2022-07-24-at-01.16.12-1-300x225.jpeg","orientation":"landscape"},"large":{"height":768,"width":1024,"url":"https://feuerwehr-feistritz.at/wp-content/uploads/2022/07/WhatsApp-Image-2022-07-24-at-01.16.12-1-1024x768.jpeg","orientation":"landscape"},"full":{"url":"https://feuerwehr-feistritz.at/wp-content/uploads/2022/07/WhatsApp-Image-2022-07-24-at-01.16.12-1.jpeg","height":1200,"width":1600,"orientation":"landscape"}},"meta":false,"postlink":"https://feuerwehr-feistritz.at/?attachment_id=2318"},{"id":2319,"title":"WhatsApp Image 2022-07-24 at 01.16.13 (1)","url":"https://feuerwehr-feistritz.at/wp-content/uploads/2022/07/WhatsApp-Image-2022-07-24-at-01.16.13-1.jpeg","link":"https://feuerwehr-feistritz.at/?attachment_id=2319","alt":"","description":"","caption":"","mime":"image/jpeg","type":"image","width":1600,"height":1200,"sizes":{"thumbnail":{"height":150,"width":150,"url":"https://feuerwehr-feistritz.at/wp-content/uploads/2022/07/WhatsApp-Image-2022-07-24-at-01.16.13-1-150x150.jpeg","orientation":"landscape"},"medium":{"height":225,"width":300,"url":"https://feuerwehr-feistritz.at/wp-content/uploads/2022/07/WhatsApp-Image-2022-07-24-at-01.16.13-1-300x225.jpeg","orientation":"landscape"},"large":{"height":768,"width":1024,"url":"https://feuerwehr-feistritz.at/wp-content/uploads/2022/07/WhatsApp-Image-2022-07-24-at-01.16.13-1-1024x768.jpeg","orientation":"landscape"},"full":{"url":"https://feuerwehr-feistritz.at/wp-content/uploads/2022/07/WhatsApp-Image-2022-07-24-at-01.16.13-1.jpeg","height":1200,"width":1600,"orientation":"landscape"}},"meta":false,"postlink":"https://feuerwehr-feistritz.at/?attachment_id=2319"},{"id":2320,"title":"WhatsApp Image 2022-07-24 at 01.16.13 (3)","url":"https://feuerwehr-feistritz.at/wp-content/uploads/2022/07/WhatsApp-Image-2022-07-24-at-01.16.13-3.jpeg","link":"https://feuerwehr-feistritz.at/?attachment_id=2320","alt":"","description":"","caption":"","mime":"image/jpeg","type":"image","width":1600,"height":1200,"sizes":{"thumbnail":{"height":150,"width":150,"url":"https://feuerwehr-feistritz.at/wp-content/uploads/2022/07/WhatsApp-Image-2022-07-24-at-01.16.13-3-150x150.jpeg","orientation":"landscape"},"medium":{"height":225,"width":300,"url":"https://feuerwehr-feistritz.at/wp-content/uploads/2022/07/WhatsApp-Image-2022-07-24-at-01.16.13-3-300x225.jpeg","orientation":"landscape"},"large":{"height":768,"width":1024,"url":"https://feuerwehr-feistritz.at/wp-content/uploads/2022/07/WhatsApp-Image-2022-07-24-at-01.16.13-3-1024x768.jpeg","orientation":"landscape"},"full":{"url":"https://feuerwehr-feistritz.at/wp-content/uploads/2022/07/WhatsApp-Image-2022-07-24-at-01.16.13-3.jpeg","height":1200,"width":1600,"orientation":"landscape"}},"meta":false,"postlink":"https://feuerwehr-feistritz.at/?attachment_id=2320"}],"itemsMetaDataCollection":[]}</script><script>(function(){if(window.PGC_SGB && window.PGC_SGB.searcher){window.PGC_SGB.searcher.initBlocks()}})()</script></div>

<div class="taxonomy-post_tag wp-block-post-terms"><a href="https://feuerwehr-feistritz.at/index.php/tag/a10/" rel="tag">A10</a><span class="wp-block-post-terms__separator">, </span><a href="https://feuerwehr-feistritz.at/index.php/tag/asfinag/" rel="tag">Asfinag</a><span class="wp-block-post-terms__separator">, </span><a href="https://feuerwehr-feistritz.at/index.php/tag/eingeklemmte-person/" rel="tag">eingeklemmte Person</a><span class="wp-block-post-terms__separator">, </span><a href="https://feuerwehr-feistritz.at/index.php/tag/technischer-einsatz/" rel="tag">Technischer Einsatz</a><span class="wp-block-post-terms__separator">, </span><a href="https://feuerwehr-feistritz.at/index.php/tag/verkehrsunfall/" rel="tag">Verkehrsunfall</a></div>

<p>Durch einen Auffahrunfall auf Höhe Molzbichl verlor einer der PKW [&hellip;]</p>
